{"id":580,"date":"2021-01-23T10:54:32","date_gmt":"2021-01-23T10:54:32","guid":{"rendered":"https:\/\/frankberatung.de\/versicherungen\/?page_id=580"},"modified":"2021-07-13T07:45:59","modified_gmt":"2021-07-13T07:45:59","slug":"firmen-rechtschutz","status":"publish","type":"page","link":"https:\/\/frankberatung.de\/versicherungen\/firmen-rechtschutz\/","title":{"rendered":"Firmen-Rechtschutz"},"content":{"rendered":"\t\t<div data-elementor-type=\"wp-page\" data-elementor-id=\"580\" class=\"elementor elementor-580\">\n\t\t\t\t\t\t\t\t\t<section class=\"elementor-section elementor-top-section elementor-element elementor-element-5b772b30 elementor-section-height-min-height elementor-section-boxed elementor-section-height-default elementor-section-items-middle\" data-id=\"5b772b30\" data-element_type=\"section\" data-settings=\"{&quot;background_background&quot;:&quot;classic&quot;}\">\n\t\t\t\t\t\t\t<div class=\"elementor-background-overlay\"><\/div>\n\t\t\t\t\t\t\t<div class=\"elementor-container elementor-column-gap-default\">\n\t\t\t\t\t<div class=\"elementor-column elementor-col-100 elementor-top-column elementor-element elementor-element-3a3492de\" data-id=\"3a3492de\" data-element_type=\"column\">\n\t\t\t<div class=\"elementor-widget-wrap elementor-element-populated\">\n\t\t\t\t\t\t\t\t<div class=\"elementor-element elementor-element-139eb3e elementor-widget elementor-widget-heading\" data-id=\"139eb3e\" data-element_type=\"widget\" data-settings=\"{&quot;_animation_mobile&quot;:&quot;slideInUp&quot;}\" data-widget_type=\"heading.default\">\n\t\t\t\t<div class=\"elementor-widget-container\">\n\t\t\t<h2 class=\"elementor-heading-title elementor-size-default\">Firmen-Rechtschutz<\/h2>\t\t<\/div>\n\t\t\t\t<\/div>\n\t\t\t\t\t<\/div>\n\t\t<\/div>\n\t\t\t\t\t\t\t<\/div>\n\t\t<\/section>\n\t\t\t\t<section class=\"elementor-section elementor-top-section elementor-element elementor-element-40487c57 elementor-section-content-middle elementor-reverse-mobile elementor-section-boxed elementor-section-height-default elementor-section-height-default\" data-id=\"40487c57\" data-element_type=\"section\" data-settings=\"{&quot;shape_divider_top&quot;:&quot;waves&quot;}\">\n\t\t\t\t\t\t\t<div class=\"elementor-background-overlay\"><\/div>\n\t\t\t\t\t\t<div class=\"elementor-shape elementor-shape-top\" data-negative=\"false\">\n\t\t\t<svg xmlns=\"http:\/\/www.w3.org\/2000\/svg\" viewBox=\"0 0 1000 100\" preserveAspectRatio=\"none\">\n\t<path class=\"elementor-shape-fill\" d=\"M421.9,6.5c22.6-2.5,51.5,0.4,75.5,5.3c23.6,4.9,70.9,23.5,100.5,35.7c75.8,32.2,133.7,44.5,192.6,49.7\n\tc23.6,2.1,48.7,3.5,103.4-2.5c54.7-6,106.2-25.6,106.2-25.6V0H0v30.3c0,0,72,32.6,158.4,30.5c39.2-0.7,92.8-6.7,134-22.4\n\tc21.2-8.1,52.2-18.2,79.7-24.2C399.3,7.9,411.6,7.5,421.9,6.5z\"\/>\n<\/svg>\t\t<\/div>\n\t\t\t\t\t<div class=\"elementor-container elementor-column-gap-default\">\n\t\t\t\t\t<div class=\"elementor-column elementor-col-100 elementor-top-column elementor-element elementor-element-1f82e4dc\" data-id=\"1f82e4dc\" data-element_type=\"column\">\n\t\t\t<div class=\"elementor-widget-wrap elementor-element-populated\">\n\t\t\t\t\t\t\t\t<div class=\"elementor-element elementor-element-7fd1868f elementor-widget elementor-widget-heading\" data-id=\"7fd1868f\" data-element_type=\"widget\" data-widget_type=\"heading.default\">\n\t\t\t\t<div class=\"elementor-widget-container\">\n\t\t\t<h3 class=\"elementor-heading-title elementor-size-default\">Firmen-Rechtschutz<\/h3>\t\t<\/div>\n\t\t\t\t<\/div>\n\t\t\t\t<div class=\"elementor-element elementor-element-4f85310 elementor-widget elementor-widget-text-editor\" data-id=\"4f85310\" data-element_type=\"widget\" data-widget_type=\"text-editor.default\">\n\t\t\t\t<div class=\"elementor-widget-container\">\n\t\t\t\t\t\t\t<p>Die Rechtsschutzversicherung f\u00fcr Firmen ist eine Weiterf\u00fchrung der Rechtsschutzversicherung f\u00fcr Privatpersonen. Die Leistung wird unver\u00e4ndert \u00fcbernommen, jedoch auf Ihre Firma ausgedehnt. Das bedeutet, dass Sie als Gesch\u00e4ftsf\u00fchrer mit der Familie und der Firma uneingeschr\u00e4nkten Rechtsschutz im Rahmen der versicherten Leistungen genie\u00dfen. Sie, Ihre Familie und Ihre Firma haben Zugriff auf kostenfreie Rechtsberatung, finanzielle Unterst\u00fctzung bei der Wahl eines Anwaltes und Entlastung bei allen Arten der Prozessnebenkosten. Zudem erhalten Sie die M\u00f6glichkeit, \u00fcber die Einschl\u00fcsse der jeweiligen Tarife Sonderbedingungen versichern zu lassen, beispielsweise die Kosten\u00fcbernahme bei Kautionen.<\/p><p>Der Rechtsschutz f\u00fcr Firmen enth\u00e4lt in der Regel eine gro\u00dfe Anzahl verschiedener Einschl\u00fcsse, um Sie, den Gesch\u00e4ftsf\u00fchrer, das von Ihnen gef\u00fchrte Unternehmen und die Familie finanziell optimal auf einen m\u00f6glichen Rechtsstreit vorzubereiten. Ihr Unternehmen kann durch die Auswahl an Einschl\u00fcssen ausw\u00e4hlen, welche juristischen Themengebiete abgedeckt werden sollen, und da die Rechtsschutzversicherung f\u00fcr Unternehmen nicht nur die Firma abdeckt, kann auch der Privat-Rechtsschutz enthalten sein. Gesch\u00e4ftsf\u00fchrer von Firmen sollten darauf achten, dass der Rechtsschutz einen hinreichenden finanziellen Geltungsbereich besitzt, und die Rechtsschutzversicherung eine geringe Wartezeit aufweist.<\/p>\t\t\t\t\t\t<\/div>\n\t\t\t\t<\/div>\n\t\t\t\t<div class=\"elementor-element elementor-element-363e032 elementor-widget elementor-widget-heading\" data-id=\"363e032\" data-element_type=\"widget\" data-widget_type=\"heading.default\">\n\t\t\t\t<div class=\"elementor-widget-container\">\n\t\t\t<h3 class=\"elementor-heading-title elementor-size-default\">Klicken Sie hier unten, um zum Rechner zu gelangen...<\/h3>\t\t<\/div>\n\t\t\t\t<\/div>\n\t\t\t\t<div class=\"elementor-element elementor-element-278a247 elementor-align-center elementor-mobile-align-center elementor-widget elementor-widget-button\" data-id=\"278a247\" data-element_type=\"widget\" data-widget_type=\"button.default\">\n\t\t\t\t<div class=\"elementor-widget-container\">\n\t\t\t\t\t<div class=\"elementor-button-wrapper\">\n\t\t\t<a class=\"elementor-button elementor-button-link elementor-size-lg\" href=\"https:\/\/www.maklerinfo.biz\/rechner\/bd\/007062\/rechtsschutz\">\n\t\t\t\t\t\t<span class=\"elementor-button-content-wrapper\">\n\t\t\t\t\t\t<span class=\"elementor-button-icon elementor-align-icon-right\">\n\t\t\t\t<i aria-hidden=\"true\" class=\"fas fa-angle-double-right\"><\/i>\t\t\t<\/span>\n\t\t\t\t\t\t<span class=\"elementor-button-text\">Kalkulator<\/span>\n\t\t<\/span>\n\t\t\t\t\t<\/a>\n\t\t<\/div>\n\t\t\t\t<\/div>\n\t\t\t\t<\/div>\n\t\t\t\t<div class=\"elementor-element elementor-element-2b66719 elementor-widget elementor-widget-spacer\" data-id=\"2b66719\" data-element_type=\"widget\" data-widget_type=\"spacer.default\">\n\t\t\t\t<div class=\"elementor-widget-container\">\n\t\t\t\t\t<div class=\"elementor-spacer\">\n\t\t\t<div class=\"elementor-spacer-inner\"><\/div>\n\t\t<\/div>\n\t\t\t\t<\/div>\n\t\t\t\t<\/div>\n\t\t\t\t\t<\/div>\n\t\t<\/div>\n\t\t\t\t\t\t\t<\/div>\n\t\t<\/section>\n\t\t\t\t<section class=\"elementor-section elementor-top-section elementor-element elementor-element-6ae7a43e elementor-section-content-middle elementor-section-boxed elementor-section-height-default elementor-section-height-default\" data-id=\"6ae7a43e\" data-element_type=\"section\" data-settings=\"{&quot;background_background&quot;:&quot;classic&quot;}\">\n\t\t\t\t\t\t<div class=\"elementor-container elementor-column-gap-default\">\n\t\t\t\t\t<div class=\"elementor-column elementor-col-50 elementor-top-column elementor-element elementor-element-6feecef9\" data-id=\"6feecef9\" data-element_type=\"column\">\n\t\t\t<div class=\"elementor-widget-wrap elementor-element-populated\">\n\t\t\t\t\t\t\t\t<div class=\"elementor-element elementor-element-68fdd5d4 elementor-widget elementor-widget-heading\" data-id=\"68fdd5d4\" data-element_type=\"widget\" data-widget_type=\"heading.default\">\n\t\t\t\t<div class=\"elementor-widget-container\">\n\t\t\t<h3 class=\"elementor-heading-title elementor-size-default\">Jetzt kostenlos informieren<\/h3>\t\t<\/div>\n\t\t\t\t<\/div>\n\t\t\t\t\t<\/div>\n\t\t<\/div>\n\t\t\t\t<div class=\"elementor-column elementor-col-50 elementor-top-column elementor-element elementor-element-2b487b7b\" data-id=\"2b487b7b\" data-element_type=\"column\">\n\t\t\t<div class=\"elementor-widget-wrap elementor-element-populated\">\n\t\t\t\t\t\t\t\t<div class=\"elementor-element elementor-element-2752eeda elementor-align-right elementor-mobile-align-center elementor-widget elementor-widget-button\" data-id=\"2752eeda\" data-element_type=\"widget\" data-widget_type=\"button.default\">\n\t\t\t\t<div class=\"elementor-widget-container\">\n\t\t\t\t\t<div class=\"elementor-button-wrapper\">\n\t\t\t<a class=\"elementor-button elementor-button-link elementor-size-lg\" href=\"#elementor-action%3Aaction%3Dpopup%3Aopen%26settings%3DeyJpZCI6IjEwMDgiLCJ0b2dnbGUiOmZhbHNlfQ%3D%3D\">\n\t\t\t\t\t\t<span class=\"elementor-button-content-wrapper\">\n\t\t\t\t\t\t<span class=\"elementor-button-icon elementor-align-icon-right\">\n\t\t\t\t<i aria-hidden=\"true\" class=\"fas fa-angle-double-right\"><\/i>\t\t\t<\/span>\n\t\t\t\t\t\t<span class=\"elementor-button-text\">Kontakt<\/span>\n\t\t<\/span>\n\t\t\t\t\t<\/a>\n\t\t<\/div>\n\t\t\t\t<\/div>\n\t\t\t\t<\/div>\n\t\t\t\t\t<\/div>\n\t\t<\/div>\n\t\t\t\t\t\t\t<\/div>\n\t\t<\/section>\n\t\t\t\t\t\t\t<\/div>\n\t\t","protected":false},"excerpt":{"rendered":"<p>Firmen-Rechtschutz Firmen-Rechtschutz Die Rechtsschutzversicherung f\u00fcr Firmen ist eine Weiterf\u00fchrung der Rechtsschutzversicherung f\u00fcr Privatpersonen. Die Leistung wird unver\u00e4ndert \u00fcbernommen, jedoch auf Ihre Firma ausgedehnt. Das bedeutet, dass Sie als Gesch\u00e4ftsf\u00fchrer mit der Familie und der Firma uneingeschr\u00e4nkten Rechtsschutz im Rahmen der versicherten Leistungen genie\u00dfen. Sie, Ihre Familie und Ihre Firma haben Zugriff auf kostenfreie Rechtsberatung, finanzielle&hellip;&nbsp;<a href=\"https:\/\/frankberatung.de\/versicherungen\/firmen-rechtschutz\/\" class=\"\" rel=\"bookmark\">Weiterlesen &raquo;<span class=\"screen-reader-text\">Firmen-Rechtschutz<\/span><\/a><\/p>\n","protected":false},"author":1,"featured_media":0,"parent":0,"menu_order":0,"comment_status":"closed","ping_status":"closed","template":"elementor_header_footer","meta":{"neve_meta_sidebar":"full-width","neve_meta_container":"contained","neve_meta_enable_content_width":"off","neve_meta_content_width":30,"neve_meta_title_alignment":"","neve_meta_author_avatar":"","neve_post_elements_order":"","neve_meta_disable_header":"","neve_meta_disable_footer":"","neve_meta_disable_title":"on","footnotes":""},"class_list":["post-580","page","type-page","status-publish","hentry"],"yoast_head":"<!-- This site is optimized with the Yoast SEO plugin v19.6 - https:\/\/yoast.com\/wordpress\/plugins\/seo\/ -->\n<title>Firmen-Rechtschutz - Frank Paczewitz Versicherungen<\/title>\n<meta name=\"robots\" content=\"index, follow, max-snippet:-1, max-image-preview:large, max-video-preview:-1\" \/>\n<link rel=\"canonical\" href=\"https:\/\/frankberatung.de\/versicherungen\/firmen-rechtschutz\/\" \/>\n<meta property=\"og:locale\" content=\"de_DE\" \/>\n<meta property=\"og:type\" content=\"article\" \/>\n<meta property=\"og:title\" content=\"Firmen-Rechtschutz - Frank Paczewitz Versicherungen\" \/>\n<meta property=\"og:description\" content=\"Firmen-Rechtschutz Firmen-Rechtschutz Die Rechtsschutzversicherung f\u00fcr Firmen ist eine Weiterf\u00fchrung der Rechtsschutzversicherung f\u00fcr Privatpersonen. Die Leistung wird unver\u00e4ndert \u00fcbernommen, jedoch auf Ihre Firma ausgedehnt. Das bedeutet, dass Sie als Gesch\u00e4ftsf\u00fchrer mit der Familie und der Firma uneingeschr\u00e4nkten Rechtsschutz im Rahmen der versicherten Leistungen genie\u00dfen. Sie, Ihre Familie und Ihre Firma haben Zugriff auf kostenfreie Rechtsberatung, finanzielle&hellip;&nbsp;Weiterlesen &raquo;Firmen-Rechtschutz\" \/>\n<meta property=\"og:url\" content=\"https:\/\/frankberatung.de\/versicherungen\/firmen-rechtschutz\/\" \/>\n<meta property=\"og:site_name\" content=\"Frank Paczewitz Versicherungen\" \/>\n<meta property=\"article:modified_time\" content=\"2021-07-13T07:45:59+00:00\" \/>\n<meta name=\"twitter:card\" content=\"summary_large_image\" \/>\n<meta name=\"twitter:label1\" content=\"Gesch\u00e4tzte Lesezeit\" \/>\n\t<meta name=\"twitter:data1\" content=\"1\u00a0Minute\" \/>\n<script type=\"application\/ld+json\" class=\"yoast-schema-graph\">{\"@context\":\"https:\/\/schema.org\",\"@graph\":[{\"@type\":\"WebPage\",\"@id\":\"https:\/\/frankberatung.de\/versicherungen\/firmen-rechtschutz\/\",\"url\":\"https:\/\/frankberatung.de\/versicherungen\/firmen-rechtschutz\/\",\"name\":\"Firmen-Rechtschutz - Frank Paczewitz Versicherungen\",\"isPartOf\":{\"@id\":\"https:\/\/frankberatung.de\/versicherungen\/#website\"},\"datePublished\":\"2021-01-23T10:54:32+00:00\",\"dateModified\":\"2021-07-13T07:45:59+00:00\",\"breadcrumb\":{\"@id\":\"https:\/\/frankberatung.de\/versicherungen\/firmen-rechtschutz\/#breadcrumb\"},\"inLanguage\":\"de\",\"potentialAction\":[{\"@type\":\"ReadAction\",\"target\":[\"https:\/\/frankberatung.de\/versicherungen\/firmen-rechtschutz\/\"]}]},{\"@type\":\"BreadcrumbList\",\"@id\":\"https:\/\/frankberatung.de\/versicherungen\/firmen-rechtschutz\/#breadcrumb\",\"itemListElement\":[{\"@type\":\"ListItem\",\"position\":1,\"name\":\"Firmen-Rechtschutz\"}]},{\"@type\":\"WebSite\",\"@id\":\"https:\/\/frankberatung.de\/versicherungen\/#website\",\"url\":\"https:\/\/frankberatung.de\/versicherungen\/\",\"name\":\"Frank Paczewitz Versicherungen\",\"description\":\"Versicherungsvermittlung\",\"publisher\":{\"@id\":\"https:\/\/frankberatung.de\/versicherungen\/#organization\"},\"potentialAction\":[{\"@type\":\"SearchAction\",\"target\":{\"@type\":\"EntryPoint\",\"urlTemplate\":\"https:\/\/frankberatung.de\/versicherungen\/?s={search_term_string}\"},\"query-input\":\"required name=search_term_string\"}],\"inLanguage\":\"de\"},{\"@type\":\"Organization\",\"@id\":\"https:\/\/frankberatung.de\/versicherungen\/#organization\",\"name\":\"Frank Paczewitz Versicherungen\",\"url\":\"https:\/\/frankberatung.de\/versicherungen\/\",\"sameAs\":[],\"logo\":{\"@type\":\"ImageObject\",\"inLanguage\":\"de\",\"@id\":\"https:\/\/frankberatung.de\/versicherungen\/#\/schema\/logo\/image\/\",\"url\":\"https:\/\/frankberatung.de\/versicherungen\/wp-content\/uploads\/2020\/12\/Logo.png\",\"contentUrl\":\"https:\/\/frankberatung.de\/versicherungen\/wp-content\/uploads\/2020\/12\/Logo.png\",\"width\":82,\"height\":60,\"caption\":\"Frank Paczewitz Versicherungen\"},\"image\":{\"@id\":\"https:\/\/frankberatung.de\/versicherungen\/#\/schema\/logo\/image\/\"}}]}<\/script>\n<!-- \/ Yoast SEO plugin. -->","yoast_head_json":{"title":"Firmen-Rechtschutz - Frank Paczewitz Versicherungen","robots":{"index":"index","follow":"follow","max-snippet":"max-snippet:-1","max-image-preview":"max-image-preview:large","max-video-preview":"max-video-preview:-1"},"canonical":"https:\/\/frankberatung.de\/versicherungen\/firmen-rechtschutz\/","og_locale":"de_DE","og_type":"article","og_title":"Firmen-Rechtschutz - Frank Paczewitz Versicherungen","og_description":"Firmen-Rechtschutz Firmen-Rechtschutz Die Rechtsschutzversicherung f\u00fcr Firmen ist eine Weiterf\u00fchrung der Rechtsschutzversicherung f\u00fcr Privatpersonen. Die Leistung wird unver\u00e4ndert \u00fcbernommen, jedoch auf Ihre Firma ausgedehnt. Das bedeutet, dass Sie als Gesch\u00e4ftsf\u00fchrer mit der Familie und der Firma uneingeschr\u00e4nkten Rechtsschutz im Rahmen der versicherten Leistungen genie\u00dfen. Sie, Ihre Familie und Ihre Firma haben Zugriff auf kostenfreie Rechtsberatung, finanzielle&hellip;&nbsp;Weiterlesen &raquo;Firmen-Rechtschutz","og_url":"https:\/\/frankberatung.de\/versicherungen\/firmen-rechtschutz\/","og_site_name":"Frank Paczewitz Versicherungen","article_modified_time":"2021-07-13T07:45:59+00:00","twitter_card":"summary_large_image","twitter_misc":{"Gesch\u00e4tzte Lesezeit":"1\u00a0Minute"},"schema":{"@context":"https:\/\/schema.org","@graph":[{"@type":"WebPage","@id":"https:\/\/frankberatung.de\/versicherungen\/firmen-rechtschutz\/","url":"https:\/\/frankberatung.de\/versicherungen\/firmen-rechtschutz\/","name":"Firmen-Rechtschutz - Frank Paczewitz Versicherungen","isPartOf":{"@id":"https:\/\/frankberatung.de\/versicherungen\/#website"},"datePublished":"2021-01-23T10:54:32+00:00","dateModified":"2021-07-13T07:45:59+00:00","breadcrumb":{"@id":"https:\/\/frankberatung.de\/versicherungen\/firmen-rechtschutz\/#breadcrumb"},"inLanguage":"de","potentialAction":[{"@type":"ReadAction","target":["https:\/\/frankberatung.de\/versicherungen\/firmen-rechtschutz\/"]}]},{"@type":"BreadcrumbList","@id":"https:\/\/frankberatung.de\/versicherungen\/firmen-rechtschutz\/#breadcrumb","itemListElement":[{"@type":"ListItem","position":1,"name":"Firmen-Rechtschutz"}]},{"@type":"WebSite","@id":"https:\/\/frankberatung.de\/versicherungen\/#website","url":"https:\/\/frankberatung.de\/versicherungen\/","name":"Frank Paczewitz Versicherungen","description":"Versicherungsvermittlung","publisher":{"@id":"https:\/\/frankberatung.de\/versicherungen\/#organization"},"potentialAction":[{"@type":"SearchAction","target":{"@type":"EntryPoint","urlTemplate":"https:\/\/frankberatung.de\/versicherungen\/?s={search_term_string}"},"query-input":"required name=search_term_string"}],"inLanguage":"de"},{"@type":"Organization","@id":"https:\/\/frankberatung.de\/versicherungen\/#organization","name":"Frank Paczewitz Versicherungen","url":"https:\/\/frankberatung.de\/versicherungen\/","sameAs":[],"logo":{"@type":"ImageObject","inLanguage":"de","@id":"https:\/\/frankberatung.de\/versicherungen\/#\/schema\/logo\/image\/","url":"https:\/\/frankberatung.de\/versicherungen\/wp-content\/uploads\/2020\/12\/Logo.png","contentUrl":"https:\/\/frankberatung.de\/versicherungen\/wp-content\/uploads\/2020\/12\/Logo.png","width":82,"height":60,"caption":"Frank Paczewitz Versicherungen"},"image":{"@id":"https:\/\/frankberatung.de\/versicherungen\/#\/schema\/logo\/image\/"}}]}},"_links":{"self":[{"href":"https:\/\/frankberatung.de\/versicherungen\/wp-json\/wp\/v2\/pages\/580","targetHints":{"allow":["GET"]}}],"collection":[{"href":"https:\/\/frankberatung.de\/versicherungen\/wp-json\/wp\/v2\/pages"}],"about":[{"href":"https:\/\/frankberatung.de\/versicherungen\/wp-json\/wp\/v2\/types\/page"}],"author":[{"embeddable":true,"href":"https:\/\/frankberatung.de\/versicherungen\/wp-json\/wp\/v2\/users\/1"}],"replies":[{"embeddable":true,"href":"https:\/\/frankberatung.de\/versicherungen\/wp-json\/wp\/v2\/comments?post=580"}],"version-history":[{"count":0,"href":"https:\/\/frankberatung.de\/versicherungen\/wp-json\/wp\/v2\/pages\/580\/revisions"}],"wp:attachment":[{"href":"https:\/\/frankberatung.de\/versicherungen\/wp-json\/wp\/v2\/media?parent=580"}],"curies":[{"name":"wp","href":"https:\/\/api.w.org\/{rel}","templated":true}]}}